+ 2).
-5
25 - (-7 + 9 - -12)
11
Calculate 29 + -29 - (2 + (1 - 2)).
-1
(-9 - -5) + 2 + (-2 - -6)
2
What is 4 + 0 + 2 + 0 + -6?
0
Evaluate -21 - -24 - ((-2 - 0) + 1).
4
What is the value of -2 + -1 + 2 + 4 + -7?
-4
Calculate (-8 - (-12 - -7)) + 2 - 1.
-2
What is the value of -101 + 94 - (1 - 2) - -8?
2
Evaluate 6 - (-7 - (9 + -16)).
6
What is -4 + -3 - (-12 + 0)?
5
What is 2 + -4 + (0 + 1 - 1)?
-2
Calculate 10 + -2 - (45 - 42).
5
What is -9 + 1 - (35 - 39)?
-4
(-19 - -13) + 2 - (-9 + 0)
5
Calculate -1 + -1 - (9 - 7).
-4
Evaluate 4 - (-4 + 5 + 4 - 0).
-1
Evaluate 5 + -7 - -2 - 2 - 4.
-6
-4 + (1 + 2 - 3)
-4
-2 + 2 - (9 + -8)
-1
What is the value of (4 - -1 - 2) + -8?
-5
-7 + 19 + -10 + 0
2
What is (2 + (2 - 4) - -3) + -1?
2
7 - (2 + -8 + 13)
0
What is -1 - (5 + (-1 - 1)) - 0?
-4
What is the value of (-3 - (6 + -13)) + -4 - 1?
-1
30 + -16 - (-6 - -12)
8
(-2 - 2) + (10 - 14)
-8
What is the value of (6 - 1) + (-28 - -24) + -4?
-3
1 + 0 + -1 + 3
3
Evaluate (-3 - -6) + -1 - 6.
-4
Evaluate 0 - (3 - -1 - (12 - 9)).
-1
Evaluate (-8 - (-12 + 2)) + 4 + -9.
-3
What is the value of 6 + -8 - (6 + -3)?
-5
Calculate -7 - (-3 + -1 + -1).
-2
What is -7 + 11 + -10 + 7?
1
Calculate 7 + (-1 - (-3 - -5)) - -4.
8
Calculate (10 - (-1 + 12)) + -7.
-8
What is the value of (3 - (1 - 3)) + -1 + 1?
5
Evaluate 6 - (1 + 1) - 2.
2
0 + 0 + 0 + 1 - 2
-1
Evaluate -3 - -4 - (2 - (0 + 5)).
4
What is (-2 - (-10 - -5)) + 7?
10
What is the value of 6 + (4 - (18 + (2 - 8)))?
-2
Calculate 10 + -3 + -6 + 0 + 2.
3
Evaluate -1 + -1 + (-5 - 13) + 14.
-6
-1 + (1 - 1) + (1 - 0)
0
Calculate 15 + (1 - 2) - 7.
7
Evaluate (-9 + -7 - -9) + 1 + 1.
-5
Evaluate (7 - 7) + (0 - 1) + 2.
1
What is the value of 3 + (-1 - 1) + (-4 - -1)?
-2
What is -35 + 44 - (0 - -5)?
4
Evaluate 7 - (1 + -3 - -6).
3
Evaluate 1 + -2 - (-5 + 9) - -2.
-3
Calculate -4 - 0 - (1 - (-7 + 9)).
-3
0 + 1 + (-2 - -4 - -1)
4
What is 4 - 8 - (-1 - 1) - -4?
2
Evaluate 2 + (5 - 1) - 3 - 2.
1
-2 + 3 - (3 + -6)
4
Evaluate (2 - 3 - -7) + (-15 - -4).
-5
Evaluate -5 - ((1 - -1) + -4).
-3
Calculate -2 + -6 - (31 - 31).
-8
Calculate -7 - (-2 + (-5 - 3)).
3
-3 + 2 + (6 - 8) + 3
0
Evaluate (-4 - -7) + -5 - -4.
2
Evaluate (16 - 21) + (1 - -3).
-1
-3 + (4 - (-9 + 5))
5
-6 - -4 - (-1 - 1)
0
What is (-3 - -6 - 2 - -4) + 0?
5
Evaluate -8 - (2 - 15 - (30 + -26)).
9
What is (1 - ((4 - 0) + -1)) + -1?
-3
-7 + 1 - (8 + -7) - -3
-4
Calculate 3 + (20 - 9) + -8.
6
What is the value of 0 - 1 - (-49 - -48)?
0
Calculate -14 + -5 + -5 + 17.
-7
-29 - -29 - (2 - (2 - -1))
1
What is -3 + (14 - (2 - 1 - -2))?
8
What is (-4 + 10 - 2) + -2?
2
Calculate 2 + 3 + -6 + (6 - 0).
5
What is -5 + -4 + 5 + -1?
-5
Calculate 5 - (2 + -2 + 0 + 3).
2
Evaluate -2 + (-1 + 2 - -3).
2
What is -7 - -1 - (-9 - -7)?
-4
(-7 - 1) + 4 - 1
-5
What is the value of (1 - 13) + 17 + -11 + 5?
-1
What is the value of (2 - 0) + (3 - (4 - -1))?
0
What is the value of -3 - (3 + -1 + -1 + -4)?
0
What is -5 - 1 - (10 + -4 - 5)?
-7
What is the value of 0 + 0 + -3 - -3?
0
What is the value of 12 + (-16 - -9 - 10)?
-5
What is -4 + (2 - 2) + 4 - -3?
3
Calculate 4 - (2 + -8 + 1) - 3.
6
-7 - (-2 + -6 + 3)
-2
What is the value of 4 - (12 + -3 + -3)?
-2
-6 + 1 + (-4 - -6) + -1
-4
Evaluate 1 + (0 + -3 - (3 - 4)).
-1
What is the value of -4 + 5 - (-2 - 0)?
3
Calculate -3 + (0 + 4 + -3 - -6).
4
Calculate -2 - (6 + -3 - 2).
-3
What is 8 + -1 - (3 + 2)?
2
6 - (0 + 14 + (-3 - -1))
-6
What is -9 - (2 - 1) - -6?
-4
What is 4 + (0 - (2 + -3))?
5
Evaluate -1 - ((4 - (1 + 0)) + -8).
4
Calculate (0 - -1) + (-4 - (-5 - -4)).
-2
What is the value of 4 - (4 - -3) - (11 - 10)?
-4
What is 3 - (7 - (2 + 3))?
1
Calculate -1 - 6 - (91 + -97).
-1
Calculate 13 + -3 + -5 - 7.
-2
Evaluate 2 + 6 + (24 - 31).
1
What is 1 - (-1 - (5 + -3 - 9))?
-5
2 - (-9 + (9 - 3))
5
What is the value of (4 - (2 - -4)) + (0 - -4)?
2
-12 - -8 - (1 - 0)
-5
Evaluate 8 - ((-4 - -11 - 1) + -3).
5
Evaluate 1 + (3 - 6) + 3.
1
Calculate (14 - 20) + (2 - -2) - 7.
-9
Calculate 1 + 2 + -2 + 3 + -2.
2
Evaluate 1 - 4 - (-15 - -9).
3
What is the value of -1 + -2 + (9 - 6) - -4?
4
Calculate (6 - -11 - 9) + -18.
-10
What is the value of 0 - (1 + 1 + (11 - 11))?
-2
(3 + -13 - 2) + -3 + 11
-4
Calculate 7 - (3 - (-3 - 5)).
-4
What is 7 - 1 - (-16 + (28 - 14))?
8
Evaluate -2 + (45 - 42) + (2 - 0).
3
Calculate 7 + -12 - (-4 + 2) - 1.
-4
What is the value of 2 - 14 - (110 + -116)?
-6
What is (7 + -12 - -13) + -6?
2
What is -19 + (0 - -9) + 11?
1
Calculate 5 + (-5 - 0) + 3 + 0.
3
What is 1 + -3 + 13 + -3 + -4?
4
Calculate 3 + -5 - (-2 + -7 + 9).
-2
Calculate -3 + 8 + (4 + -11 - -2).
0
Evaluate 0 + (-1 - -4 - (3 + 0)).
0
Calculate 1 - 5 - (3 - (6 - 5)).
-6
(5 - 13 - -8) + -4 - -1
-3
Calculate (5 + -6 - -4) + -1.
2
What is the value of 14 + -4 - (-12 + 17)?
5
Calculate -3 + -2 + -3 - -3.
-5
Calculate (-6 - -6) + -8 - -5.
-3
What is (6 - 1) + (9 - 5)?
9
What is (-2 - (2 - 1)) + 2 + -4?
-5
Calculate (34 - 32) + (1 - 5).
-2
What is the value of 2 + 2 - (-2 + -1) - 4?
3
What is -6 + 10 + -2 + 0?
2
What is the value of 3 + 2 + (-1 - (2 - 2))?
4
Evaluate -14 + (0 - 2 - -11).
-5
Calculate -2 + 1 - (-16 + 18 + -4).
1
Evaluate -3 + (-7 - (3 + -11)).
-2
What is -2 + (-1 - -3) + (66 - 64)?
2
Evaluate 3 + 2 + -5 + 0.
0
(-2 - 4) + 3 + -2
-5
What is -7 - (1 + -5 + 2) - -1?
-4
Calculate 0 + 2 + (1 - -1).
4
What is the value of 0 - -1 - (1 - 0)?
0
What is the value of 4 + -2 + (6 - 7) + -6?
-5
Evaluate -3 + (6 - -2 - 2 - -2).
5
What is -6 + (1 - -4) + 2?
1
Evaluate (-26 - -30) + (3 - 0 - 4).
3
Evaluate (96 - 95) + -2 + 1 + -2.
-2
Evaluate -6 + (-7 - -5) - -7 - 7.
-8
What is the value of 3 - 3 - (-2 - 1) - 4?
-1
What is -11 + (5 - (3 + -5))?
-4
What is -13 - -9 - (-6 + 8)?
-6
What is 0 - (-1 + -5 + 7)?
-1
What is the value of 0 + -4 + 3 + -1 + 7?
5
What is (18 - 3) + (-19 - -10)?
6
4 - 2 - (4 - 0)
-2
Evaluate (-11 - (-12 + 4 - -3)) + 3.
-3
What is the value of -1 + -1 + 1 + -8 - -3?
-6
Evaluate -2 + 2 + 6 + (-1 - -1).
6
-7 - (-8 - (6 - 7))
0
Calculate 4 + (-5 - (-7 + 8 + 6)).
-8
Evaluate (5 - 4 - -4) + -4.
1
(-4 - (-12 + 2)) + -6 + 5
5
Calculate (6 - (16 - 3)) + 8.
1
What is the value of 6 + -2 - 0 - (7 + -7)?
4
Calculate -4 - (-1 + 0 + 2 - 2).
-3
What is 4 + (-1 + 2 + -3 - -2)?
4
Evaluate -6 - 4 - -3 - (-1 + 2).
-8
Evaluate 2 - -1 - (12 - 14).
5
Calculate -5 + -2 + -3 + 5.
-5
What is 9 - (26 - (12 - -2))?
-3
Evaluate -1 + -1 + 5 + -165 + 160.
-2
-1 + 0 + -3 - 0 - 0
-4
-2 - 0 - (-9 + 3)
4
Calculate (6 - 16) + 12 - (7 - 4).
-1
Evaluate (222 - 220) + 2 + (0 - -6).
10
Evaluate 2 + -21 + 6 + 4.
-9
Calculate -1 - (-2 + 1) - -3.
3
8 + -14 - (-1 - 0)
-5
Calculate -6 + (-4 + 6 - -1).
-3
What is the value of (-99 - -106) + -5 + 0 + 0?
2
6 + -8 + 2 - (2 - -1)
-3
What is -5 + (2 - -3) - 1?
-1
Calculate (7 - 5) + -3 - 4.
-5
What is the value of (4 - 6) + 5 - 1?
2
(13 - (-1 + 12)) + 4
6
What is -9 - -2 - (-8 + 1 + 6)?
-6
6 + (0 - -2) + -3
5
What is -3 - (-5 - -13 - 4)?
-7
Calculate (1 - (-4 + 5)) + -3.
-3
Evaluate 1 - (1 + 1 - (5 + -7)).
-3
Calculate -7 + (4 - (-2 + 4)).
-5
Evaluate (-1 - (7 - 11)) + 0.
3
What is 2 + -2 + (-2 - 12 - -12)?
-2
Evaluate 5 + (-3 - -10) + -11.
1
Calculate (6 - 3) + -5 + 0 + 1.
-1
What is 14 + -13 - (5 + 2)?
-6
5 - (4 + (1 - 2))
2
Evaluate (-3 + 8 - (-2 + 18)) + 6.
-5
What is -2 + 3 - (5 + -1 - 6)?
3
Calculate 2 - -4 - 0 - 3.
3
Calculate -6 + (-2 - -5) + -16 + 15.
-4
-14 - -7 - -6 - 1
-2
Calculate -6 + (1 - (6 - 8)).
-3
What is the value of -5 - (4 - (10 + 3 + -5))?
-1
Evaluate -4 + 9 + -4 + (1 - 3).
-1
What is 3 + -8 - -20 - 8?
7
Evaluate -4 + (3 - (4 + -4)) + -4.
-5
What is -2 - 4 - (-8 - -3)?
-1
Calculate -5 + -5 + 22 + -6.
6
Calculate 1 + -7 - (4 + 12 + -15).
-7
Calculate 9 + -2 + -10 + -11 + 7.
-7
(-6 - (-3 - 13 - -4)) + -3
3
Calculate 32 + -30 - (-2 + 1).
3
Evaluate (-2 - -4) + -4 + 0.
-2
(-7 - -17) + -16 + (-4 - -1)
-9
Calculate -46 - -50 - (1 + 4) - -5.
4
Calculate 9 - (-11 + 14 - -5).
1
0 - -5 - (3 - 3 - -3)
2
What is the value of -3 + (-2 - (-3 + 0) - 2)?
-4
What is the value of -5 + (1 - -4) - 3 - -10?
7
What is the value of 23 - 23 - (3 + 4 + -2)?
-5
Calculate 4 + -4 + 0 - -2.
2
What is 0 + (-2 - -6 - (0 - -3))?
1
Evaluate 1 + (-2 - -3) + -2 + -2.
-2
Calculate (1 - ((-4 - 5) + 6)) + -6.
-2
Calculate (-1 - 3) + -8 + (16 - 4).
0
4 + -2 - (1 - (1 + 2))
4
1 + -6 + 